Determine z(r).
-6
Let p(r) = -28*r + 197. Let n be p(7). Let b(w) = -5*w**3 + 2*w**2 - 2*w. Determine b(n).
-5
Suppose 2*w + 15 = -3*w. Let g(p) = -5*p - 7. Determine g(w).
8
Let o(z) be the third derivative of -z**6/120 - z**5/10 + z**4/12 + 7*z**3/3 - 6*z**2 + 3*z. Calculate o(-6).
2
Let s(l) = l**2 + 10*l + 10. Let v be s(-2). Let b(d) = -3*d**2 - 9*d - 3. Determine b(v).
-57
Let s(x) = 7*x + 5*x**2 - 2 + 1 - 4*x**2. Suppose -5*r + 5*g + 0 = 55, -r = -2*g + 11. Let k = r + 6. What is s(k)?
-11
Let v(b) = b**3 - 2*b**2 - 4. Let q be v(3). Let f(m) = -m. Let d(y) = 10*y + 1. Let a(j) = q*f(j) + d(j). Let z(n) = -n + 5. Let h be z(4). Calculate a(h).
6
Let x be 34 + -3 + (0 - 3). Let g = -20 + x. Let o(s) = 1 + 4*s + g*s + 11*s - 9*s. What is o(1)?
15
Let b(q) be the second derivative of -q**4/6 - 5*q**3/6 - 3*q**2/2 - 55*q - 1. Determine b(-4).
-15
Let b(a) = 2*a - 1. Suppose 2*r + 10 = 0, -2*h - 6*r - 16 = -2*r. Suppose 2*u - 8 = 5*y - 3*y, h*u = -y + 11. Calculate b(u).
9
Let g be ((-24)/(-21))/((-6)/21). Let n(l) = -3 - 3*l + 4*l - 3*l - 1. Calculate n(g).
4
Let k be (-27)/(-108)*(-56)/(-2). Let t(i) = i**3 - 9*i**2 + 10*i - 2. Give t(k).
-30
Let k = 33 - 14. Let m = -11 + -6. Let w = k + m. Let i(y) = -4*y + 2. Give i(w).
-6
Suppose 5*b = 5, 0 = -z - 2*z - 4*b + 49. Let a(t) = 3 + 6*t**2 + z*t**3 - 23*t**3 + t + 9*t**3. Let k be -3 + (-2 - -4) + -5. Calculate a(k).
-3
Let y(d) be the first derivative of d**5/60 - d**4/24 + 7*d**3/3 + 12. Let z(c) be the third derivative of y(c). Suppose -9*h = -5*h + 12. What is z(h)?
-7
Let b(z) = 3*z + 10 + 5*z - 10*z - 5. Give b(11).
-17
Suppose -2*t + 26 = -5*l, 2*l = t - 2*l - 10. Let k(c) = -13*c**2 - 3 - 4*c**2 + 4*c + t*c**2. Give k(-6).
9
Let r(y) = -y**2 + 13*y + 1. Let g = 349 + -340. Give r(g).
37
Let i be 3 + ((-3)/3 - 7). Let a(z) = -8*z**3 + z**2 - 6*z + 26. Let g(r) = -3*r**3 - 2*r + 9. Let p(b) = -4*a(b) + 11*g(b). What is p(i)?
10
Let g(o) = -o**2 + 17*o - 16. Let t be g(16). Let c(a) = -4*a**2 + 4*a + a**3 + t*a**2 + 15 - 18. Calculate c(2).
-3
Let n(j) be the third derivative of -j**4/24 + j**3/3 + 18*j**2 + 3*j. Let m be 619/9 - 2/(-9). Let h be 2/5 - m/(-15). Give n(h).
-3
Let u(g) = -8*g + 5 + 9*g + 0 + 2*g**3 + 6*g**2 - 3*g**3. Calculate u(6).
11
Let d(x) = 3*x**2 + 2*x + 1. Let b(g) = -2*g**2 - 8*g - 1. Let j be b(-4). Let l be d(j). Let f(z) = -z**3 + 4*z**2 - 2*z + 3. Determine f(l).
7
Let i(y) = -5*y + 3. Let r be (8 - -13) + 8/(-2). Let f be 22/4 + (-4)/(-8). Let m(g) = 14*g - 8. Let t(k) = f*m(k) + r*i(k). Determine t(0).
3
Let x(r) = 1 - 8 + 11216*r - 2*r**2 - 22418*r - 6 + 11210*r. Determine x(6).
-37
Let h(u) = u**3 - 4*u**2 + u - 1. Let j(g) = -g**2 + 12*g - 32. Let f be j(7). What is h(f)?
-7
Let p(t) = -t**2. Let i(d) = -6*d**2 + 10*d + 4. Let g(h) = -i(h) + 5*p(h). Calculate g(10).
-4
Suppose 0 = 2*j - 5*c + 7, -3*j - 4*c = -j - 20. Suppose -3*r - r - 32 = -j*i, -r - 5*i + 16 = 0. Let w(q) = q**3 + 2*q**2 - 5*q - 4. What is w(r)?
-16
Suppose 2*h + 4 = -x, -5*x - 5*h - 10 - 5 = 0. Let z(s) = 3*s + 4. Let b be z(x). Let w(c) = c + 2. Determine w(b).
0
Let f(c) = 8*c + 6. Let o be f(7). Let m = o + -56. Let x(p) = p**2 + 4. Let g(i) = -2*i**2 + i - 7. Let q(s) = 6*g(s) + 11*x(s). What is q(m)?
2
Suppose 5*k = 4*q - 13, -2*q - 3*q - 20 = k. Let b(z) = -z**2 + 2. Let w be b(0). Let l(y) = -4*y - 3*y**2 - y**2 - 2 + w*y**2. Give l(q).
-8
Let i(g) = 3*g**2 + 0*g**2 - 7 - 2*g**2 + g. Suppose -2*z + 11 = 11. Determine i(z).
-7
Suppose -4 = -n + 2. Suppose 0 = -n*w + w + 3*f - 15, 5*w - 4*f = -15. Let l(o) = -2*o - 3. Determine l(w).
3
Let u(i) = -i + 6 - 4 + 0. Let b(j) = 3*j + 6. Let h be b(-2). Give u(h).
2
Let l(h) = 3*h + 2*h - 7*h - 5*h + h. Suppose q + 0*q = 3. What is l(q)?
-18
Suppose 2*x + 10 = a, 4*x + 15 + 13 = 4*a. Suppose 36 - 12 = a*d. Suppose 0*l - d = -3*l. Let q(i) = -2*i. Give q(l).
-4
Suppose -4*b - 41 = -21. Let q(m) = 3*m**3 + 8*m**2 - 3*m - 14. Let d(i) = -2*i**3 - 5*i**2 + 2*i + 9. Let w(o) = b*q(o) - 7*d(o). Determine w(-5).
2
Suppose 0 = m - 1 + 3. Let v(p) = 30*p**3 + 7*p - 7. Let d(u) = 15*u**3 + 3*u - 3. Let q(x) = m*v(x) + 5*d(x). Let g be -1*(-4 + -1 - -4). Determine q(g).
15
Suppose -y + 5*z = 26, -3*y + 3*z + 2*z - 28 = 0. Let l(w) be the first derivative of 2*w**3/3 - w**2/2 - w - 28. Determine l(y).
2
Let q(u) = -1 + 4*u - 10*u + 0 + u**2. Suppose -83 - 101 = -4*o. Let m = 52 - o. Calculate q(m).
-1
Let j be (-53)/(-5) - 34/(-85). Let l(t) = -j*t**3 - 4*t**2 - 1 - 12*t**3 - t + 24*t**3 - 1. What is l(4)?
-6
Let o(u) = -u**3 - 15*u**2 + 5*u - 2. Let p(w) = -w**3 - 19*w**2 + 5*w - 2. Let f(h) = 4*o(h) - 3*p(h). What is f(-5)?
23
Suppose m + 5*n = 18 - 29, 0 = 4*m - n + 23. Let j(g) = -g**2 - 7*g + 3. Give j(m).
9
Let w(i) = 10 + 4 - 8 + 3*i. Give w(-6).
-12
Let t(m) = -m**3 + 9*m**2 - 8*m + 11. Suppose -2*n - 29*b = -34*b - 21, -4*b = -n + 12. What is t(n)?
11
Let k(q) = 123 - 383 + 127 + 126 + 3*q. Let f be ((-2)/(-3))/((-2)/(-15)). What is k(f)?
8
Let z(l) be the first derivative of l**3/3 + l**2 + l + 150. Suppose 2*j - 4*m - 5 = -1, 2*m = -5*j - 26. Let a = 3 + j. Calculate z(a).
0
Suppose 0 = 3*l + l + 4. Let x be (l - -2)/((-4)/(-20)). Suppose x*k - 10 = -0*k. Let q(r) = -r**2 - 3*r + 3. Calculate q(k).
-7
Let u be (4*-3 + 0)*2/(-4). Let x(i) = -i**2 + 11 + 4*i + 1 - 4. Give x(u).
-4
Suppose -2*l + 2 = 0, 3*g + 4*l - 7 - 15 = 0. Let y(b) = -g*b + 5*b - 2 - 2*b + 0. Give y(-3).
7
Let i(z) = z**2 + 7*z + 4. Let k = -338 + 331. What is i(k)?
4
Let r(b) = b**2 + 7*b + 7. Let a = -137 - -131. What is r(a)?
1
Let c(q) = q**2 + 5*q + 3. Let n be ((-24)/(-16))/(2/4). Suppose n = -4*d + 23. Suppose 5 - 35 = d*h. Give c(h).
9
Let w(k) = 0 + 4*k**3 - 6*k**3 - 2 - 2*k**2. Let q be w(-2). Let g(a) = -11*a + 3. Let h(s) = 26*s - 7. Let x(i) = -14*g(i) - 6*h(i). What is x(q)?
-12
Let z(b) be the first derivative of b**4/4 - 2*b**3 + b**2 + 6*b + 118. Determine z(5).
-9
Let s(n) = n**3 - 10*n**2 + 11*n - 1. Suppose -5*a + 4*x + 8 + 20 = 0, 3*a + 5*x = 39. Determine s(a).
-41
Suppose -37 + 31 = -l. Let b(i) = i**2 - 5*i + 3. What is b(l)?
9
Let l be 12/(-12)*(-4 - 1). Let p(j) be the first derivative of j**3/3 - 3*j**2 - 3*j + 102. Determine p(l).
-8
Suppose -5*p + 5 = 5*n, n - 3*p = 6 + 3. Let y(a) = -a + 6. Let z be y(0). Let s(h) = -z - h - h - n. Determine s(-6).
3
Let a(r) = -r**3 - r**2 + 2*r + 3. Let w be a(-2). Let l(f) be the third derivative of f**6/120 - f**5/15 + f**4/8 - f**3/6 - 3*f**2. Determine l(w).
-1
Let a(g) = -2*g - 23. Suppose 5*i + 37 = -2*w, 4*i - 10*w + 56 = -5*w. Calculate a(i).
-5
Suppose -4*j + 4*b + 16 = 0, -j - j + 6 = -4*b. Let i be 30/12*(-4)/j. Let l(w) = w**2 + 5*w**2 + 2 - 7*w**2 + 3*w - 1. What is l(i)?
-9
Let h(x) = -7*x**2 + 2*x - 2. Let r be h(1). Let v(a) = 2*a - 1. Let m be v(-3). Let y = m - r. Let s(k) = -k**3 - k**2 - k - 13. Calculate s(y).
-13
Let c be 21/36 + (-15)/30. Let w(p) be the second derivative of 6*p + 1/6*p**3 + 0 - p**2 + c*p**4. Determine w(-4).
10
Let k(a) = 7*a - 1. Let f = -6 + 11. Suppose -f*o = d - 55, -13 = o + 5*d - 0. Suppose 2*n - 3*m + m = o, -5*n = -m - 14. Give k(n).
13
Let f(k) = -k - 2. Let c(l) = -3*l - 6. Let s be -2 + 4/((-12)/15). Let u(t) = s*f(t) + 2*c(t). Suppose 4*g = -0*g - 24. Calculate u(g).
-4
Let z = -13 + 13. Suppose -2*s = 6 - z. Let g(f) be the second derivative of -f**4/12 - 7*f**3/6 - f**2/2 + 22*f. Determine g(s).
11
Let s(u) = -2*u**3 + 4*u**2 - 3*u + 2. Let y be (-192)/(-32) + 2*-2. Determine s(y).
-4
Let b(n) = -16*n. Let t be b(0). Let w(v) be the second derivative of 6*v - 2/3*v**3 + t + v**2 + 1/3*v**4. Calculate w(2).
10
Let k be ((-6)/(-9))/(-3 + 104/36). Let j(o) = 3*o**2 + 16*o + 8. Determine j(k).
20
Let m(q) = q + 30. Let v = -837 + 815. What is m(v)?
8
Let x(v) = -1815*v + 1811*v - 23 - 25 - 27 + 17. Determine x(-13).
-6
Let k(g) = -27*g - 7. Let m(l) = -16*l - 4. Let s(n) = -3*k(n) + 5*m(n). Let w be 39/(-9) + 4/(-6). Determine s(w).
-4
Let v be (-1)/((-1)/6) + (96 - 95). Let c(t) = -2*t + 10. What is c(v)?
-4
Let c = 34 + -29. Suppose c*a = -26 + 1. Let u(s) = s**3 + 6*s**2 + 3*s + 1. Determine u(a).
11
Suppose 0 = 5*d - t + 15, -2*d + 0*d + 5*t = 6. Let v(j) be the third derivative of -j**4/8 - 2*j**3/3 - 3*j**2. Give v(d).
5
Let f(w) = 26*w**2 